100 (base 2) to base 14.
-c16c
What is -1001110000101001 (base 2) in base 3?
-2000211122
Convert -45412005 (base 7) to base 5.
-2002441422
-22567420 (base 8) to base 11
-2854672
What is -216cc (base 13) in base 10?
-60501
What is -1190604 (base 13) in base 6?
-312540013
What is 1509805 (base 10) in base 6?
52205501
Convert 2d67a (base 14) to base 3.
12210002101
What is 30212002 (base 5) in base 2?
111010111101011110
Convert 271357 (base 8) to base 14.
2686b
Convert -22795 (base 10) to base 16.
-590b
1017905 (base 10) to base 14
1c6d57
-13df1 (base 16) to base 2
-10011110111110001
-2441601 (base 8) to base 14
-1371bb
-b7272 (base 13) to base 12
-13ab65
Convert 4391b (base 14) to base 8.
477545
-110043123 (base 5) to base 3
-212222000000
-1212341441 (base 5) to base 13
-78cb85
What is -c83899 (base 16) in base 3?
-220200122120111
-68650a (base 14) to base 16
-3631ee
What is -312344 (base 7) in base 3?
-2201122102
What is -1d723 (base 15) in base 13?
-3498c
What is -114102341 (base 5) in base 14?
-dcc25
-4455243 (base 8) to base 4
-10211222203
What is 23230112 (base 4) in base 16?
bb16
83262 (base 10) to base 14
224b4
1110110100010011 (base 2) to base 9
102224
Convert d73c4 (base 15) to base 3.
1021200100211
Convert 1abb20 (base 12) to base 9.
806046
What is 130453 (base 12) in base 14?
8182b
What is 2317833 (base 10) in base 9?
4322420
What is -220210111211221 (base 3) in base 9?
-26714757
-462610 (base 7) to base 11
-57090
-638224 (base 10) to base 2
-10011011110100010000
Convert -16382832 (base 9) to base 3.
-120102202221002
Convert 20201012331 (base 4) to base 8.
10410675
What is 1044a6 (base 13) in base 4?
1130333131
Convert 6b6b9 (base 12) to base 16.
2342d
Convert 321331412 (base 5) to base 12.
554340
110001001110000101 (base 2) to base 10
201605
What is 11a84 (base 12) in base 14?
8a68
-11001000000110010101 (base 2) to base 5
-202211410
Convert -16124 (base 8) to base 9.
-10847
-c0197 (base 16) to base 7
-6454664
Convert b2133 (base 16) to base 15.
e61b5
What is 25025516 (base 7) in base 9?
4186528
Convert -50a69 (base 11) to base 15.
-17110
-1a3ad5 (base 16) to base 5
-420001442
215245543 (base 6) to base 13
a64829
What is 2477234 (base 11) in base 14?
7dcba9
185168 (base 15) to base 8
4403605
Convert -da03d (base 14) to base 15.
-a61bd
What is -345a (base 11) in base 3?
-20020020
What is -1215453 (base 8) in base 10?
-334635
What is 148406 (base 10) in base 15?
2de8b
Convert 3331023020 (base 5) to base 3.
111201000020111
What is -1101122202002 (base 3) in base 6?
-23515302
Convert 10100110111101001101 (base 2) to base 4.
2212331031
-3092a (base 11) to base 5
-2420134
-240302413 (base 5) to base 4
-10031121323
What is -65a60 (base 15) in base 4?
-1032312111
40372002 (base 8) to base 12
2a28716
Convert 37245b (base 14) to base 4.
13031013201
-255551 (base 10) to base 3
-110222112212
What is 135414 (base 7) in base 2?
110010101001100
What is -31b58e (base 15) in base 16?
-241e9e
What is 413c05 (base 13) in base 16?
173ab5
18643 (base 13) to base 4
23201212
What is ccea7 (base 16) in base 4?
3030322213
What is 31200202121 (base 4) in base 13?
96ca6a
Convert -1212021212 (base 3) to base 8.
-107466
What is -22110022001 (base 3) in base 4?
-220220131
7257810 (base 10) to base 5
3324222220
5014920 (base 10) to base 8
23102610
What is -86ba5 (base 12) in base 15?
-37ae5
-353 (base 13) to base 12
-3bb
-212210211100 (base 3) to base 12
-1a7239
What is 1032304234 (base 5) in base 8?
10400726
What is 1000111110110010111011 (base 2) in base 10?
2354363
-15123426 (base 7) to base 6
-50425510
What is -212245 (base 6) in base 9?
-25752
What is 5d93f (base 16) in base 3?
201110210010
What is 5048758 (base 10) in base 13?
107a040
42a996 (base 11) to base 8
2477566
-11301544 (base 6) to base 5
-42202334
24cd34 (base 15) to base 4
12232311310
-111110110001000100 (base 2) to base 14
-6999a
23b75 (base 13) to base 12
32004
-2204221 (base 5) to base 11
-26661
Convert -101012112112 (base 3) to base 7.
-1464422
What is -56522552 (base 7) in base 6?
-253151142
What is -482f7 (base 16) in base 5?
-33430141
-3b5193 (base 12) to base 9
-1758073
What is -68cc57 (base 13) in base 9?
-4606338
What is -1be1b (base 15) in base 14?
-251ca
What is -1172 (base 10) in base 7?
-3263
66540 (base 7) to base 6
205253
What is -10545445 (base 7) in base 15?
-132501
What is 22232313 (base 5) in base 16?
2fd76
What is cd8371 (base 14) in base 12?
2404bbb
-5321207 (base 9) to base 4
-22313121310
What is 22223262 (base 7) in base 2?
111010101001110110011
What is 10101100100100011 (base 2) in base 11?
60423
What is -10110100010111110 (base 2) in base 14?
-25926
What is 11000121020020 (base 3) in base 14?
3d9016
127060b (base 12) to base 14
6a6aa7
Convert -ae0599 (base 15) to base 6.
-453551213
Convert -432764 (base 10) to base 15.
-8835e
Convert -674365 (base 13) to base 5.
-1110441223
What is -1423052 (base 6) in base 7?
-455150
What is -5260036 (base 10) in base 14?
-9acccc
138d86 (base 14) to base 2
10100101011100111010
What is -100120111221000 (base 3) in base 5?
-2300311431
What is 85390 (base 13) in base 14?
636db
50204 (base 12) to base 10
103972
Convert -13633246 (base 7) to base 3.
-2102022122101
What is 168026 (base 9) in base 6?
2122423
Convert -101110101101010010 (base 2) to base 9.
-321381
Convert 15430101 (base 6) to base 7.
4442245
Convert 3783292 (base 11) to base 4.
121002122300
-2222402402 (base 5) to base 13
-1021a28
What is -2552050 (base 7) in base 8?
-1210433
Convert -121186 (base 10) to base 5.
-12334221
Convert 111000000110101011010110 (base 2) to base 9.
30605701
What is -f0a64 (base 16) in base 9?
-1762112
Convert -c36ce (base 15) to base 13.
-188a95
1212c3 (base 15) to base 11
540680
343545 (base 11) to base 10
546364
Convert 572163 (base 9) to base 6.
11202520
Convert -680f2 (base 16) to base 9.
-718604
3621112 (base 7) to base 9
768551
What is -306a (base 15) in base 14?
-3a25
-14214141 (base 5) to base 7
-1154423
What is 64437 (base 14) in base 10?
242305
Convert -1b102a6 (base 12) to base 6.
-323041530
Convert 403440123 (base 5) to base 11.
a0a49a
Convert 610677 (base 11) to base 6.
33013101
What is 11122011022 (base 3) in base 12?
44975
1000100100010111111110 (base 2) to base 8
10442776
Convert -280878 (base 10) to base 2.
-1000100100100101110
Convert 2001120201 (base 3) to base 5.
2244034
What is -102020202210202 (base 3) in base 13?
-1314650
677614 (base 9) to base 6
12410451
What is 1761521 (base 10) in base 11?
aa3503
Convert -375215 (base 8) to base 15.
-28652
What is -574877 (base 13) in base 11?
-1191765
-10000000000111110001 (base 2) to base 9
-878774
What is 411121 (base 12) in base 6?
33452441
Convert -1101100001101011010 (base 2) to base 11.
-283003
-200320121 (base 5) to base 4
-3001111213
-772872 (base 12) to base 9
-3502785
-221626a (base 12) to base 13
-1468111
Convert 130d6 (base 14) to base 16.
b6f4
What is -97f7 (base 16) in base 15?
-b7d8
Convert -68de0e (base 16) to base 11.
-397452a
What is -13bbc2 (base 14) in base 3?
-1021211102221
What is -201233111 (base 4) in base 16?
-21bd5
What is -100011100001 (base 2) in base 7?
-6425
What is 280b43 (base 16) in base 12?
a66857
Convert 10cc3e (base 15) to base 14.
16c710
-1172b7 (base 12) to base 8
-1046753
7947 (base 11) to base 7
42326
-2c149 (base 16) to base 7
-1351252
-1919b4 (base 13) to base 14
-126579
Convert -2605333 (base 7) to base 15.
-6a251
Convert 142437 (base 10) to base 8.
426145
What is 21321332020 (base 4) in base 11?
1513a77
15121006 (base 7) to base 10
1433746
Convert -3a2dea (base 15) to base 11.
-1639416
126455 (base 8) to base 3
2020210222
-14656461 (base 8) to base 15
-4675cd
What is 437820 (base 9) in base 16?
3fe10
What is -1112234 (base 5) in base 9?
-30012
-4bfb9 (base 16) to base 3
-120210220212
Convert 1107b (base 16) to base 6.
1254535
What is 105321352 (base 6) in base 4?
13121123210
Convert 35455 (base 6) to base 3.
21001122
What is -124442414 (base 5) in base 6?
-21220142
Convert 52206353 (base 8) to base 9.
22755338
-18024656 (base 9) to base 12
-3045a80
-10002423 (base 5) to base 12
-39508
What is -11100010111010010111111 (base 2) in base 4?
-130113102333
Convert 22375162 (base 8) to base 15.
65b7b2
Convert -28800d (base 16) to base 4.
-22020000031
Wh